 = m**2 - 3*m - 7. What are the prime factors of z(d)?
3
What are the prime factors of -11 - -7 - (-1 - 7)?
2
List the prime factors of ((-43)/(-3))/((-3 + -1)/(-36)).
3, 43
Suppose -3*a - a + 3*d = -12, 4*a = -3*d + 12. What are the prime factors of a?
3
Let o = 20 - 15. Suppose -77 = -2*z - 3*k, -3*k - 164 = -o*z + 39. What are the prime factors of z?
2, 5
Let o = 29 - 21. Suppose 5*j = 2 + o. Suppose -4*s - 40 = -5*t, s + 8 = -t + j*t. What are the prime factors of t?
2
Let p(x) = -x**2 - x + 2. Let i(l) = 3*l**2 + l - 5. Let b(w) = 2*w - 2. Let r be b(2). Let n(q) = r*i(q) + 5*p(q). List the prime factors of n(4).
2
List the prime factors of 112 - ((-1 - 3) + 2).
2, 3, 19
Let q(z) = z**2 + 3*z - 2. Let o be q(-4). Suppose 0 = -o*n + 4*g + 80, 4*g = -3*n - g + 87. Let k = -20 + n. What are the prime factors of k?
2, 7
Let b be 19/3 - 2/6. Suppose 3*t - 3 - b = 0. What are the prime factors of t?
3
Suppose 0*k - 5*k = -15. Let s = 5 - k. What are the prime factors of s?
2
Let s be 21/(-9)*(-2 + 5). Let w = s + 6. What are the prime factors of (w/(-1) - -1) + 2?
2
Let x be (0 + -1)*(-10)/(-2). Let c(t) = -t**2 - 4*t + 7. What are the prime factors of c(x)?
2
Let j(d) = -d**2 - 8*d - 8. Let c be j(-6). Suppose -2*l + 6*l - 5*y = -20, 0 = c*l + 5*y - 20. Suppose l = -2*i - 3*i + 55. List the prime factors of i.
11
Let s be (-1)/(-2) + (-3)/6. List the prime factors of -1 - (s/3 - 13).
2, 3
Suppose 0 = -8*c + 3*c - 315. Let w = -22 - c. Suppose -4*p = -w - 11. List the prime factors of p.
13
Suppose 5*s - 2*s = 9. Suppose -28 = 3*w - q, 33 = -0*w - 4*w - s*q. Let o = w + 15. What are the prime factors of o?
2, 3
Let k(w) = 0*w + 4*w**2 + 5 + 2*w + w**3 - 1. What are the prime factors of k(-3)?
7
Let x be ((-107)/(-3))/(1/3). Let o = x - 75. What are the prime factors of o?
2
Suppose 4*g - 436 + 88 = 0. Let p = g - 37. What are the prime factors of p?
2, 5
Let b be -5*((-4)/(-2) - 7). Suppose 2*n - b = -3*n. What are the prime factors of n?
5
Let f = -97 + 151. List the prime factors of f.
2, 3
Let n(v) = -v**3 - 3*v**2 - 2*v - 4. Let x be n(-3). Suppose -7*o - 120 = -x*o. Let f = -16 - o. What are the prime factors of f?
2
Suppose -10 = -2*u, -y - 5*u = -3*y + 443. What are the prime factors of y?
2, 3, 13
Suppose 3*y = 4*y - 10. Suppose -4*b - y = -x, 2*b + b - 6 = 0. List the prime factors of x.
2, 3
Suppose 0*i = i. Suppose -27 = -3*f - i*f. What are the prime factors of f?
3
Let q be 16/(-6) + (-2)/6. What are the prime factors of 6/4*(-20)/q?
2, 5
Let x(u) = u**3 - 8*u**2. Let y be x(8). Suppose y*t = t - 2. List the prime factors of (-1)/t*(-3 + -1).
2
Let y(h) = 5*h**2 + 1. Let g be y(-1). Suppose -2*o = 2*w - g, -5*o + 8 = -2*o + 4*w. List the prime factors of o.
2
Let l(b) be the third derivative of b**5/60 - b**4/2 + 13*b**3/6 + b**2. Let i be l(10). Let c = 10 - i. What are the prime factors of c?
17
Suppose -16 + 7 = -p. Let z be 6/(p/3) - 0. What are the prime factors of (z - -5) + 1 - 0?
2
Let o(s) = 2*s - 6. Let n be o(6). Suppose -10 = -3*w + a, -2*a - n = 2. Suppose -15 = -w*b + 5. What are the prime factors of b?
2, 5
Suppose -2226 = -19*p + 12*p. What are the prime factors of p?
2, 3, 53
Suppose -5*f + 20 = -f. Suppose -5*b - f*u + 5 = 0, 3 - 5 = -4*b - 3*u. What are the prime factors of (-3)/6*(b + -3)?
2
Let z(d) = d**2 - 2*d + 3. Let c be z(3). Let t = -13 + 11. List the prime factors of 14/3 - t/c.
5
Let k = -9 - -18. Let q = k - -9. What are the prime factors of q?
2, 3
Let x(f) = 2*f + 1. Let o be x(6). Let i = 25 - o. List the prime factors of i.
2, 3
Let n = 94 + -65. Suppose -8*z + n = -7*z. List the prime factors of z.
29
Suppose 5*f = 6 + 14. Let x = 7 - f. List the prime factors of x.
3
Suppose 14*t - 4087 = -461. List the prime factors of t.
7, 37
Let s = 3 + 2. Suppose -5 = s*n - 20. What are the prime factors of n?
3
Let d = 22 + -14. List the prime factors of (-6 - 0)*(-12)/d.
3
Let w(b) = b**3 + 9*b**2 + 7*b - 10. Let t be w(-7). Suppose u = -2*u + t. What are the prime factors of u?
13
Let k = 24 - -3. What are the prime factors of k?
3
Let c(a) = 2*a + 1. Let k be c(-3). Let q(w) = -w**2 - 6*w + 2. What are the prime factors of q(k)?
7
Let s(a) = -a**2 - 6*a - 4. List the prime factors of s(-4).
2
Let p be (24/30)/(2/(-10)). Let m = 16 - p. List the prime factors of m.
2, 5
What are the prime factors of 12 - (-7)/(14/4)?
2, 7
Let t(s) = -s**2 + 5*s - 4. Suppose 0 = -2*j + 4 + 4. Let z be t(j). What are the prime factors of (7 - z)*1 + 0?
7
List the prime factors of (-3)/12*2*-46.
23
Let q be (-39 + 3)/(-2)*-1. Let p = q + 36. What are the prime factors of p?
2, 3
Let i = -28 + 103. Suppose -5*o = m - 59, 5*o + 0*m + 5*m - i = 0. What are the prime factors of o?
11
Suppose 43 = 3*h - 137. List the prime factors of h.
2, 3, 5
Suppose s + k - 37 = -k, -5*k + 210 = 5*s. Suppose -3*o + 54 = 3*p, 2*o + 4*p + 1 = s. What are the prime factors of o?
13
Let p be (1 + 1)/2*-41. Let y = -10 - p. What are the prime factors of y?
31
Suppose -2*s + 232 = -208. List the prime factors of s.
2, 5, 11
Suppose -4*b + 86 = r + r, 5*r = 2*b - 37. What are the prime factors of b?
3, 7
Let j be 165/(-10)*(-4)/6. Let g(y) = -y + 13. What are the prime factors of g(j)?
2
Let m(p) = -p + 2. Let z be m(0). Suppose 2*l - 23 = z*q + 15, -5*l = -4*q - 90. What are the prime factors of l?
2, 7
Let b be (-4)/(-8) + 5/2. Let g = b - 3. Suppose g = -3*d + 4*s + 44, -32 = 5*d - 4*s - 92. What are the prime factors of d?
2
Let a(d) = 3*d**2 - 9*d + 14. What are the prime factors of a(6)?
2, 17
Let i(u) = 2*u**2 - 2*u. Let c be i(-2). Suppose -y + 4*y = c. List the prime factors of y.
2
List the prime factors of 4/18 + 727/9.
3
Let b(f) = 8*f - 40. List the prime factors of b(7).
2
Let b = 6 - -11. List the prime factors of b.
17
Let l = -2 + -16. Let o = l + 12. Let u = o + 17. List the prime factors of u.
11
What are the prime factors of ((-76)/6)/(132/(-63) - -2)?
7, 19
Let q = 39 + -27. Let r(j) = j**2 - 12*j + 4. List the prime factors of r(q).
2
Suppose -235 = -5*m - 5*l, 2*m + 3*l + 2*l = 94. Let a = 83 - m. Suppose 0 = 4*q - 3*k + 2*k - 34, -2*k = -4*q + a. What are the prime factors of q?
2
Let a be 90/8 + 2/(-8). Suppose -6*d = -3*d - 15. Suppose 5*w + 15 = -d*f, -2*w - a = -5*w + f. What are the prime factors of w?
2
Let k = 61 + -41. List the prime factors of ((-216)/k)/((-2)/5).
3
Suppose 15 = -0*m + 3*m. Suppose -4*h - 7 = s, -2*h = -m*s + 2*h - 35. Let t = s + 16. What are the prime factors of t?
3
Let p(t) = -t**3 + t**2 + t - 1. Let u be p(1). Let s(w) = u*w + 4*w + 0 - 5. What are the prime factors of s(4)?
11
Let b(p) = -8*p - 2. List the prime factors of b(-1).
2, 3
Let q(j) = 3*j**3 - 3*j**2 + 2*j - 2. What are the prime factors of q(2)?
2, 7
Let y = -10 - -15. Let p(v) = -v + 10. What are the prime factors of p(y)?
5
List the prime factors of (-8)/10 + (-2952)/(-15).
2, 7
Let r be 1 + 0 - 136/(-2). Suppose 3*y - 5*s = r, 0 = -2*s - s - 9. Let u = -13 + y. What are the prime factors of u?
5
Suppose -3*p - 5 = -152. List the prime factors of p.
7
Suppose -5 = -0*w - w. Let r(j) = j + 1. List the prime factors of r(w).
2, 3
Suppose -28 = z + 3*i, 3*z + 110 = 5*i - i. Let j = z - -54. Suppose -2*n + j = 2*l, -2*n - 15 = 3*l - 44. What are the prime factors of l?
3
Suppose 2*j - 48 = 42. What are the prime factors of j?
3, 5
Suppose -1631 + 207 = -8*l. List the prime factors of l.
2, 89
List the prime factors of (-9)/3*40/(-6).
2, 5
Let i = -77 - -143. List the prime factors of i.
2, 3, 11
Let i(k) = 8*k - 3 + 0 - k**2 + 9. Suppose g - 2 = 6. List the prime factors of i(g).
2, 3
Let f(j) = 2*j**2 - 4*j**2 + 10 + 6*j + j**2. Let w = -10 + 17. What are the prime factors of f(w)?
3
Let p = -19 - -10. Let h = p - -24. What are the prime factors of h?
3, 5
Let x be 1/2 + (-1195)/(-10). Suppose 4*m - m - x = 0. What are the prime factors of m?
2, 5
Let y(k) = k + 9. Let s be y(-8). What are the prime factors of (0 + 3)*(0 + s)?
3
Let b(x) = 2*x**2 - 3*x + 13. Let y(l) = -3*l**2 + 4*l - 19. Let t(d) = 8*b(d) + 5*y(d). List the prime factors of t(7).
2, 3, 5
Let n = -2 - -4. Suppose 0 = 4*r + 2*u - 108 - 138, -r - 4*u = -72. Suppose 4*w + z = -z + r, -34 = -n*w - 2*z. List the prime factors of w.
13
Suppose 4*p = 41 - 5. Suppose 4